{"id":30,"date":"2023-03-23T17:15:13","date_gmt":"2023-03-23T16:15:13","guid":{"rendered":"https:\/\/www.mostrorun.com\/?page_id=30"},"modified":"2025-12-23T12:09:14","modified_gmt":"2025-12-23T11:09:14","slug":"mostro-workout","status":"publish","type":"page","link":"https:\/\/www.mostrorun.com\/?page_id=30","title":{"rendered":"MostroWorkout"},"content":{"rendered":"\n<figure class=\"wp-block-image size-large\"><img loading=\"lazy\" decoding=\"async\" width=\"1024\" height=\"1024\" src=\"https:\/\/www.mostrorun.com\/wp-content\/uploads\/2023\/11\/MonsterWorkout_01-1024x1024.jpg\" alt=\"\" class=\"wp-image-329\" srcset=\"https:\/\/www.mostrorun.com\/wp-content\/uploads\/2023\/11\/MonsterWorkout_01-1024x1024.jpg 1024w, https:\/\/www.mostrorun.com\/wp-content\/uploads\/2023\/11\/MonsterWorkout_01-300x300.jpg 300w, https:\/\/www.mostrorun.com\/wp-content\/uploads\/2023\/11\/MonsterWorkout_01-150x150.jpg 150w, https:\/\/www.mostrorun.com\/wp-content\/uploads\/2023\/11\/MonsterWorkout_01-768x768.jpg 768w, https:\/\/www.mostrorun.com\/wp-content\/uploads\/2023\/11\/MonsterWorkout_01-1536x1536.jpg 1536w, https:\/\/www.mostrorun.com\/wp-content\/uploads\/2023\/11\/MonsterWorkout_01-2048x2048.jpg 2048w\" sizes=\"auto, (max-width: 1024px) 100vw, 1024px\" \/><\/figure>\n\n\n\n<div class=\"wp-block-buttons is-content-justification-center is-layout-flex wp-container-core-buttons-is-layout-a89b3969 wp-block-buttons-is-layout-flex\">\n<div class=\"wp-block-button\"><a class=\"wp-block-button__link has-foreground-color has-text-color has-background has-medium-font-size has-custom-font-size wp-element-button\" href=\"https:\/\/www.mostrorun.com\/?page_id=87\" style=\"background-color:#e03b8e\"><strong>ISCRIVITI<\/strong><\/a><\/div>\n\n\n\n<div class=\"wp-block-button\"><a class=\"wp-block-button__link has-foreground-color has-text-color has-background has-medium-font-size has-custom-font-size wp-element-button\" href=\"https:\/\/www.mostrorun.com\/?page_id=303\" style=\"background-color:#e03b8e\"><strong>RINNOVA<\/strong><\/a><\/div>\n<\/div>\n\n\n\n<p class=\"has-background-color has-text-color has-link-color wp-elements-8e9dd1742423b2d2379033438c33688a\"><em>&#8220;Se veramente vuoi diventare un Mostro nella Corsa!&#8221;<\/em><\/p>\n\n\n\n<p>MostroWorkout \u00e8 un format di allenamenti online per prepararti alla corsa, qualunque sia il tuo obiettivo.<\/p>\n\n\n\n<p>Se vuoi migliorare la postura, imparare a correre bene e in maniera pi\u00f9 efficiente e farlo comodamente da casa tua, con una coach dall&#8217;esperienza pluriennale in questo settore, MostroWorkout \u00e8 l&#8217;allenamento giusto per te. Potrai goderti cos\u00ec tutte le splendide sensazioni che solo la corsa pu\u00f2 regalarti.<\/p>\n\n\n\n<p>Un&#8217;ora di esercizi a settimana in diretta sulla piattaforma Instagram ti baster\u00e0 per farti sentire una runner migliore o semplicemente per rimetterti in forma. Gli allenamenti saranno salvati e si potranno eseguire in differita nell&#8217;orario e nella giornata a te pi\u00f9 consoni, tutte le volte che vuoi.<\/p>\n\n\n\n<p>L&#8217;allenamento si svolge in diretta instagram sul profilo @rottermika_run in forma privata. La diretta con la coach Micaela Bonessi \u00e8 il luned\u00ec alle 19, gli allenamenti rimangono salvati e potrai farli nell&#8217;ora e nel giorno a te pi\u00f9 congeniali. Si tratta di esercizi prevalentemente a corpo libero o al massimo con qualche attrezzo facilmente reperibile a casa.<\/p>\n\n\n\n<p><strong>Cosa si fa<\/strong>? Appoggio corretto del piede e rinforzo, andature per la corsa con consigli sull&#8217;esecuzione, core stability, rinforzo generale, potenziamento e stretching finale. Le lezioni sono sviluppate partendo dalla base ed incrementando man mano nel corso degli appuntamenti. MostroWorkout \u00e8 un allenamento per tutti i livelli e la coach \u00e8 sempre disponibile a soddisfare le richieste specifiche.<\/p>\n\n\n\n<p class=\"has-background-color has-text-color has-link-color wp-elements-ed79f29b2f8498ae2e82e45e6b98e595\"><strong>Come si accede<\/strong>: <\/p>\n\n\n\n<p class=\"has-background-color has-text-color has-link-color wp-elements-1e3b5694551447ec8421f670f2c2ce9e\">Iscriviti, carica il certificato medico per attivit\u00e0 sportiva agonistica o non agonistica e paga la quota di 50\u20ac per 5 settimane di allenamento.<\/p>\n\n\n\n<p>OFFERTA SPECIALE ESCLUSIVA: se hai gi\u00e0 fatto @mostroworkout nelle precedenti edizioni, la quota per te \u00e8 di 37\u20ac!<\/p>\n\n\n\n<p><\/p>\n\n\n\n<p><a href=\"https:\/\/www.mostrorun.com\/?page_id=296\" target=\"_blank\" rel=\"noreferrer noopener\"><strong>Come pagare le qu<\/strong>ote<\/a><\/p>\n\n\n\n<p><strong>Bonifico Bancario<\/strong><\/p>\n\n\n\n<p>MOSTRORUN ASD<\/p>\n\n\n\n<p>IBAN: IT08H0871512300000000728934<\/p>\n\n\n\n<p><strong>PayPal<\/strong><\/p>\n\n\n\n<p><a href=\"https:\/\/www.paypal.me\/mostrorun\">https:\/\/www.paypal.me\/mostrorun<\/a> <\/p>\n\n\n\n<p class=\"has-background-color has-text-color has-link-color wp-elements-b633604fcf31ed4550b0e6f584295095\">L&#8217;adesione prevede l&#8217;iscrizione sociale alla MostroRun ASD, che provvede alle assicurazioni obbligatorie. Da fare con certificato medico per attivit\u00e0 sportiva agonistica o non agonistica. Noi lavoriamo con la salute delle persone e ci teniamo a fare le cose per bene!<\/p>\n\n\n\n<p>Che tu faccia gli allenamenti in diretta o quelli registrati, hai tempo fino a 5 settimane per eseguire tutto. Nelle 5 settimane puoi fare i relativi allenamenti quante volte vuoi e quando ti \u00e8 pi\u00f9 comodo. <\/p>\n\n\n\n<p>Se sei gi\u00e0 iscritto Mostrorun per l&#8217;anno 2025\/2026 e il tuo certificato \u00e8 aggiornato, ti basta semplicemente pagare la quota!<\/p>\n\n\n\n<p class=\"has-background-color has-text-color\">Non sei ancora iscritta?<\/p>\n\n\n\n<div class=\"wp-block-buttons is-content-justification-center is-layout-flex wp-container-core-buttons-is-layout-a89b3969 wp-block-buttons-is-layout-flex\">\n<div class=\"wp-block-button\"><a class=\"wp-block-button__link has-foreground-color has-text-color has-background has-medium-font-size has-custom-font-size wp-element-button\" href=\"https:\/\/www.mostrorun.com\/?page_id=87\" style=\"background-color:#e03b8e\"><strong>ISCRIVITI<\/strong><\/a><\/div>\n\n\n\n<div class=\"wp-block-button\"><a class=\"wp-block-button__link has-foreground-color has-text-color has-background has-medium-font-size has-custom-font-size wp-element-button\" href=\"https:\/\/www.mostrorun.com\/?page_id=303\" style=\"background-color:#e03b8e\"><strong>RINNOVA<\/strong><\/a><\/div>\n<\/div>\n\n\n\n<p class=\"has-background-color has-text-color has-link-color wp-elements-73f3d6bc1597c8c270c5ea41afa0e23f\"><a href=\"https:\/\/www.instagram.com\/runners_workout\/?igshid=YmMyMTA2M2Y%3D\" target=\"_blank\" rel=\"noreferrer noopener\">MostroWorkout by Mostrorun (@MostroWorkout) \u2022 Foto e video di Instagram<\/a><\/p>\n\n\n\n<p>Devi solo aggiornare il tuo certificato medico?<\/p>\n\n\n\n<div class=\"wp-block-buttons is-content-justification-center is-layout-flex wp-container-core-buttons-is-layout-a89b3969 wp-block-buttons-is-layout-flex\">\n<div class=\"wp-block-button\"><a class=\"wp-block-button__link has-foreground-color has-text-color has-background has-medium-font-size has-custom-font-size wp-element-button\" href=\"https:\/\/www.mostrorun.com\/?page_id=315\" style=\"background-color:#e03b8e\"><strong>AGGIORNA CERTIFICATO<\/strong><\/a><\/div>\n<\/div>\n\n\n\n<p><\/p>\n","protected":false},"excerpt":{"rendered":"<p>&#8220;Se veramente vuoi diventare un Mostro nella Corsa!&#8221; MostroWorkout \u00e8 un format di allenamenti online per prepararti alla corsa, qualunque sia il tuo obiettivo. Se vuoi migliorare la postura, imparare a correre bene e in maniera pi\u00f9 efficiente e farlo comodamente da casa tua, con una coach dall&#8217;esperienza pluriennale in questo settore, MostroWorkout \u00e8 l&#8217;allenamento [&hellip;]<\/p>\n","protected":false},"author":1,"featured_media":0,"parent":0,"menu_order":0,"comment_status":"closed","ping_status":"closed","template":"","meta":{"om_disable_all_campaigns":false,"_monsterinsights_skip_tracking":false,"_monsterinsights_sitenote_active":false,"_monsterinsights_sitenote_note":"","_monsterinsights_sitenote_category":0,"footnotes":""},"class_list":["post-30","page","type-page","status-publish","hentry"],"aioseo_notices":[],"yoast_head":"<!-- This site is optimized with the Yoast SEO plugin v27.4 - https:\/\/yoast.com\/product\/yoast-seo-wordpress\/ -->\n<title>MostroWorkout - MostroRun<\/title>\n<meta name=\"robots\" content=\"index, follow, max-snippet:-1, max-image-preview:large, max-video-preview:-1\" \/>\n<link rel=\"canonical\" href=\"https:\/\/www.mostrorun.com\/?page_id=30\" \/>\n<meta property=\"og:locale\" content=\"it_IT\" \/>\n<meta property=\"og:type\" content=\"article\" \/>\n<meta property=\"og:title\" content=\"MostroWorkout - MostroRun\" \/>\n<meta property=\"og:description\" content=\"&#8220;Se veramente vuoi diventare un Mostro nella Corsa!&#8221; MostroWorkout \u00e8 un format di allenamenti online per prepararti alla corsa, qualunque sia il tuo obiettivo. Se vuoi migliorare la postura, imparare a correre bene e in maniera pi\u00f9 efficiente e farlo comodamente da casa tua, con una coach dall&#8217;esperienza pluriennale in questo settore, MostroWorkout \u00e8 l&#8217;allenamento [&hellip;]\" \/>\n<meta property=\"og:url\" content=\"https:\/\/www.mostrorun.com\/?page_id=30\" \/>\n<meta property=\"og:site_name\" content=\"MostroRun\" \/>\n<meta property=\"article:modified_time\" content=\"2025-12-23T11:09:14+00:00\" \/>\n<meta property=\"og:image\" content=\"https:\/\/www.mostrorun.com\/wp-content\/uploads\/2023\/11\/MonsterWorkout_01-scaled.jpg\" \/>\n\t<meta property=\"og:image:width\" content=\"2560\" \/>\n\t<meta property=\"og:image:height\" content=\"2560\" \/>\n\t<meta property=\"og:image:type\" content=\"image\/jpeg\" \/>\n<meta name=\"twitter:card\" content=\"summary_large_image\" \/>\n<meta name=\"twitter:label1\" content=\"Tempo di lettura stimato\" \/>\n\t<meta name=\"twitter:data1\" content=\"3 minuti\" \/>\n<script type=\"application\/ld+json\" class=\"yoast-schema-graph\">{\"@context\":\"https:\\\/\\\/schema.org\",\"@graph\":[{\"@type\":\"WebPage\",\"@id\":\"https:\\\/\\\/www.mostrorun.com\\\/?page_id=30\",\"url\":\"https:\\\/\\\/www.mostrorun.com\\\/?page_id=30\",\"name\":\"MostroWorkout - MostroRun\",\"isPartOf\":{\"@id\":\"https:\\\/\\\/www.mostrorun.com\\\/#website\"},\"primaryImageOfPage\":{\"@id\":\"https:\\\/\\\/www.mostrorun.com\\\/?page_id=30#primaryimage\"},\"image\":{\"@id\":\"https:\\\/\\\/www.mostrorun.com\\\/?page_id=30#primaryimage\"},\"thumbnailUrl\":\"https:\\\/\\\/www.mostrorun.com\\\/wp-content\\\/uploads\\\/2023\\\/11\\\/MonsterWorkout_01-1024x1024.jpg\",\"datePublished\":\"2023-03-23T16:15:13+00:00\",\"dateModified\":\"2025-12-23T11:09:14+00:00\",\"breadcrumb\":{\"@id\":\"https:\\\/\\\/www.mostrorun.com\\\/?page_id=30#breadcrumb\"},\"inLanguage\":\"it-IT\",\"potentialAction\":[{\"@type\":\"ReadAction\",\"target\":[\"https:\\\/\\\/www.mostrorun.com\\\/?page_id=30\"]}]},{\"@type\":\"ImageObject\",\"inLanguage\":\"it-IT\",\"@id\":\"https:\\\/\\\/www.mostrorun.com\\\/?page_id=30#primaryimage\",\"url\":\"https:\\\/\\\/www.mostrorun.com\\\/wp-content\\\/uploads\\\/2023\\\/11\\\/MonsterWorkout_01-scaled.jpg\",\"contentUrl\":\"https:\\\/\\\/www.mostrorun.com\\\/wp-content\\\/uploads\\\/2023\\\/11\\\/MonsterWorkout_01-scaled.jpg\",\"width\":2560,\"height\":2560},{\"@type\":\"BreadcrumbList\",\"@id\":\"https:\\\/\\\/www.mostrorun.com\\\/?page_id=30#breadcrumb\",\"itemListElement\":[{\"@type\":\"ListItem\",\"position\":1,\"name\":\"Home\",\"item\":\"https:\\\/\\\/www.mostrorun.com\\\/\"},{\"@type\":\"ListItem\",\"position\":2,\"name\":\"MostroWorkout\"}]},{\"@type\":\"WebSite\",\"@id\":\"https:\\\/\\\/www.mostrorun.com\\\/#website\",\"url\":\"https:\\\/\\\/www.mostrorun.com\\\/\",\"name\":\"MostroRun\",\"description\":\"Ognuno di noi \u00e8 un Runner, ma pochi lo hanno scoperto.\",\"publisher\":{\"@id\":\"https:\\\/\\\/www.mostrorun.com\\\/#organization\"},\"potentialAction\":[{\"@type\":\"SearchAction\",\"target\":{\"@type\":\"EntryPoint\",\"urlTemplate\":\"https:\\\/\\\/www.mostrorun.com\\\/?s={search_term_string}\"},\"query-input\":{\"@type\":\"PropertyValueSpecification\",\"valueRequired\":true,\"valueName\":\"search_term_string\"}}],\"inLanguage\":\"it-IT\"},{\"@type\":\"Organization\",\"@id\":\"https:\\\/\\\/www.mostrorun.com\\\/#organization\",\"name\":\"MostroRun\",\"url\":\"https:\\\/\\\/www.mostrorun.com\\\/\",\"logo\":{\"@type\":\"ImageObject\",\"inLanguage\":\"it-IT\",\"@id\":\"https:\\\/\\\/www.mostrorun.com\\\/#\\\/schema\\\/logo\\\/image\\\/\",\"url\":\"https:\\\/\\\/www.mostrorun.com\\\/wp-content\\\/uploads\\\/2023\\\/03\\\/Logo_MostroRun_03_640x640.png\",\"contentUrl\":\"https:\\\/\\\/www.mostrorun.com\\\/wp-content\\\/uploads\\\/2023\\\/03\\\/Logo_MostroRun_03_640x640.png\",\"width\":640,\"height\":640,\"caption\":\"MostroRun\"},\"image\":{\"@id\":\"https:\\\/\\\/www.mostrorun.com\\\/#\\\/schema\\\/logo\\\/image\\\/\"}}]}<\/script>\n<!-- \/ Yoast SEO plugin. -->","yoast_head_json":{"title":"MostroWorkout - MostroRun","robots":{"index":"index","follow":"follow","max-snippet":"max-snippet:-1","max-image-preview":"max-image-preview:large","max-video-preview":"max-video-preview:-1"},"canonical":"https:\/\/www.mostrorun.com\/?page_id=30","og_locale":"it_IT","og_type":"article","og_title":"MostroWorkout - MostroRun","og_description":"&#8220;Se veramente vuoi diventare un Mostro nella Corsa!&#8221; MostroWorkout \u00e8 un format di allenamenti online per prepararti alla corsa, qualunque sia il tuo obiettivo. Se vuoi migliorare la postura, imparare a correre bene e in maniera pi\u00f9 efficiente e farlo comodamente da casa tua, con una coach dall&#8217;esperienza pluriennale in questo settore, MostroWorkout \u00e8 l&#8217;allenamento [&hellip;]","og_url":"https:\/\/www.mostrorun.com\/?page_id=30","og_site_name":"MostroRun","article_modified_time":"2025-12-23T11:09:14+00:00","og_image":[{"width":2560,"height":2560,"url":"https:\/\/www.mostrorun.com\/wp-content\/uploads\/2023\/11\/MonsterWorkout_01-scaled.jpg","type":"image\/jpeg"}],"twitter_card":"summary_large_image","twitter_misc":{"Tempo di lettura stimato":"3 minuti"},"schema":{"@context":"https:\/\/schema.org","@graph":[{"@type":"WebPage","@id":"https:\/\/www.mostrorun.com\/?page_id=30","url":"https:\/\/www.mostrorun.com\/?page_id=30","name":"MostroWorkout - MostroRun","isPartOf":{"@id":"https:\/\/www.mostrorun.com\/#website"},"primaryImageOfPage":{"@id":"https:\/\/www.mostrorun.com\/?page_id=30#primaryimage"},"image":{"@id":"https:\/\/www.mostrorun.com\/?page_id=30#primaryimage"},"thumbnailUrl":"https:\/\/www.mostrorun.com\/wp-content\/uploads\/2023\/11\/MonsterWorkout_01-1024x1024.jpg","datePublished":"2023-03-23T16:15:13+00:00","dateModified":"2025-12-23T11:09:14+00:00","breadcrumb":{"@id":"https:\/\/www.mostrorun.com\/?page_id=30#breadcrumb"},"inLanguage":"it-IT","potentialAction":[{"@type":"ReadAction","target":["https:\/\/www.mostrorun.com\/?page_id=30"]}]},{"@type":"ImageObject","inLanguage":"it-IT","@id":"https:\/\/www.mostrorun.com\/?page_id=30#primaryimage","url":"https:\/\/www.mostrorun.com\/wp-content\/uploads\/2023\/11\/MonsterWorkout_01-scaled.jpg","contentUrl":"https:\/\/www.mostrorun.com\/wp-content\/uploads\/2023\/11\/MonsterWorkout_01-scaled.jpg","width":2560,"height":2560},{"@type":"BreadcrumbList","@id":"https:\/\/www.mostrorun.com\/?page_id=30#breadcrumb","itemListElement":[{"@type":"ListItem","position":1,"name":"Home","item":"https:\/\/www.mostrorun.com\/"},{"@type":"ListItem","position":2,"name":"MostroWorkout"}]},{"@type":"WebSite","@id":"https:\/\/www.mostrorun.com\/#website","url":"https:\/\/www.mostrorun.com\/","name":"MostroRun","description":"Ognuno di noi \u00e8 un Runner, ma pochi lo hanno scoperto.","publisher":{"@id":"https:\/\/www.mostrorun.com\/#organization"},"potentialAction":[{"@type":"SearchAction","target":{"@type":"EntryPoint","urlTemplate":"https:\/\/www.mostrorun.com\/?s={search_term_string}"},"query-input":{"@type":"PropertyValueSpecification","valueRequired":true,"valueName":"search_term_string"}}],"inLanguage":"it-IT"},{"@type":"Organization","@id":"https:\/\/www.mostrorun.com\/#organization","name":"MostroRun","url":"https:\/\/www.mostrorun.com\/","logo":{"@type":"ImageObject","inLanguage":"it-IT","@id":"https:\/\/www.mostrorun.com\/#\/schema\/logo\/image\/","url":"https:\/\/www.mostrorun.com\/wp-content\/uploads\/2023\/03\/Logo_MostroRun_03_640x640.png","contentUrl":"https:\/\/www.mostrorun.com\/wp-content\/uploads\/2023\/03\/Logo_MostroRun_03_640x640.png","width":640,"height":640,"caption":"MostroRun"},"image":{"@id":"https:\/\/www.mostrorun.com\/#\/schema\/logo\/image\/"}}]}},"_links":{"self":[{"href":"https:\/\/www.mostrorun.com\/index.php?rest_route=\/wp\/v2\/pages\/30","targetHints":{"allow":["GET"]}}],"collection":[{"href":"https:\/\/www.mostrorun.com\/index.php?rest_route=\/wp\/v2\/pages"}],"about":[{"href":"https:\/\/www.mostrorun.com\/index.php?rest_route=\/wp\/v2\/types\/page"}],"author":[{"embeddable":true,"href":"https:\/\/www.mostrorun.com\/index.php?rest_route=\/wp\/v2\/users\/1"}],"replies":[{"embeddable":true,"href":"https:\/\/www.mostrorun.com\/index.php?rest_route=%2Fwp%2Fv2%2Fcomments&post=30"}],"version-history":[{"count":39,"href":"https:\/\/www.mostrorun.com\/index.php?rest_route=\/wp\/v2\/pages\/30\/revisions"}],"predecessor-version":[{"id":486,"href":"https:\/\/www.mostrorun.com\/index.php?rest_route=\/wp\/v2\/pages\/30\/revisions\/486"}],"wp:attachment":[{"href":"https:\/\/www.mostrorun.com\/index.php?rest_route=%2Fwp%2Fv2%2Fmedia&parent=30"}],"curies":[{"name":"wp","href":"https:\/\/api.w.org\/{rel}","templated":true}]}}